
24875362
In base 2, what is -1100101111000001100010011 - -1?
-1100101111000001100010010
In base 11, what is -29 - -460a811?
460a793
In base 16, what is -2 - -376208?
376206
In base 5, what is -21404102023200 - 0?
-21404102023200
In base 12, what is -136452 + 5?
-136449
In base 14, what is -13a570 + 51c?
-13a052
In base 3, what is 11 - -112101012212210?
112101012212221
In base 11, what is 3 + 14650691?
14650694
In base 15, what is 11 - 17d419?
-17d408
In base 14, what is 30100 + 78?
30178
In base 13, what is -1187 + 1850?
696
In base 4, what is 1102 + 10111120302?
10111122010
In base 8, what is 1445 + 411420?
413065
In base 5, what is 113200 - -2341?
121041
In base 9, what is 2385671 - 0?
2385671
In base 10, what is 59311908 + -23?
59311885
In base 15, what is 5 + 1793d4?
1793d9
In base 7, what is -5 - -2232440?
2232432
In base 16, what is d9d - c?
d91
In base 6, what is 22 - 134021223?
-134021201
In base 5, what is -1140041231144 + 10?
-1140041231134
In base 13, what is -3 + 807a678?
807a675
In base 7, what is 63520204 - 2?
63520202
In base 11, what is 160 - 66a63?
-66903
In base 4, what is 201303320 + -31?
201303223
In base 6, what is 4 - -1234351330?
1234351334
In base 8, what is -2 + 2215062?
2215060
In base 8, what is -47142 + -2521?
-51663
In base 8, what is 124 + -3572356?
-3572232
In base 4, what is 31230010322021 + 1?
31230010322022
In base 6, what is -34 + 2215515?
2215441
In base 9, what is -4 - -450213?
450208
In base 16, what is d + -11197e?
-111971
In base 15, what is -10 + 7c472d?
7c471d
In base 6, what is 535 - -130515543?
130520522
In base 7, what is -1 - -1215221113?
1215221112
In base 11, what is 11381791 - 0?
11381791
In base 15, what is -23b24 + -10?
-23b34
In base 5, what is 231044 + -43313?
132231
In base 11, what is -131521 - -2?
-13151a
In base 6, what is -552 + -3344?
-4340
In base 3, what is 20 - -10012110110101?
10012110110121
In base 5, what is 10002301421 - 0?
10002301421
In base 5, what is 142 - 31401142?
-31401000
In base 16, what is 17 - -32be33?
32be4a
In base 5, what is -10321 + -310213?
-321034
In base 8, what is -3753 - -266?
-3465
In base 11, what is 4266a684 + -1?
4266a683
In base 13, what is -7a + -906669?
-906716
In base 7, what is 2022163223 + 4?
2022163230
In base 3, what is 1100021020212 + 102?
1100021021021
In base 3, what is -21120022202 + 201?
-21120022001
In base 16, what is -ff68 - -1160?
-ee08
In base 3, what is -11211211102 + 10012?
-11211201020
In base 10, what is 5 + -390298?
-390293
In base 14, what is -3 - -5b6dbb4?
5b6dbb1
In base 15, what is -218e + -4e5?
-2684
In base 14, what is 1d315bd1 - -5?
1d315bd6
In base 15, what is 5 - -8ce4a09?
8ce4a0e
In base 9, what is 55 + -1305408?
-1305343
In base 5, what is 11420044334 - 11?
11420044323
In base 12, what is 0 - -24390577?
24390577
In base 7, what is -600 - 335262?
-336162
In base 3, what is -1022001011000202 - 0?
-1022001011000202
In base 5, what is 3 + 1423222442?
1423223000
In base 11, what is -2 + -63a0324?
-63a0326
In base 13, what is 11670 - -17b7?
13157
In base 9, what is 475 - 4772?
-4286
In base 10, what is 10001 + -15936?
-5935
In base 15, what is 2 + -197927?
-197925
In base 12, what is -119a4b5 - -1?
-119a4b4
In base 4, what is 1201 - 3123101032?
-3123033231
In base 8, what is -32751 - 21002?
-53753
In base 14, what is 130cc8 - 118?
130bb0
In base 3, what is -1110120021100 - 10201?
-1110120102001
In base 7, what is 20523634 - -4?
20523641
In base 14, what is -5 - -b47a82?
b47a7b
In base 2, what is 101101111101001111111010 - -11?
101101111101001111111101
In base 10, what is 4 + 101668903?
101668907
In base 4, what is -12310131311212 - -2?
-12310131311210
In base 13, what is 104 - 3b1907?
-3b1803
In base 13, what is -59a8a + 129?
-59961
In base 14, what is -1611054 + 3?
-1611051
In base 9, what is -5634118 + 334?
-5633674
In base 4, what is 1 - -10011031003?
10011031010
In base 16, what is 486c5dc5 - 1?
486c5dc4
In base 11, what is -a40 - 1a01?
-2941
In base 15, what is -1d099d + 4?
-1d0999
In base 8, what is -17777043 + 3?
-17777040
In base 15, what is 5 + -7a53893?
-7a5388d
In base 13, what is -5 + -1bc25c?
-1bc264
In base 11, what is -434 - -315685?
315251
In base 8, what is -301231 - -122?
-301107
In base 6, what is -115354301 - 2?
-115354303
In base 2, what is -10111011100010011110 + 101000111?
-10111011011101010111
In base 13, what is 12018 - 20001?
-acb6
In base 13, what is 13089 - 3487?
c902
In base 10, what is -222 - 509660?
-509882
In base 3, what is -101101011022 + 22?
-101101011000
In base 6, what is -20143014 + -215?
-20143233
In base 13, what is 136 + 20ab06?
20ac3c
In base 11, what is 3 - -15204a2?
15204a5
In base 5, what is -1210110 - -1222?
-1203333
In base 6, what is -21 + 10434421432?
10434421411
In base 8, what is -7524121 + -2?
-7524123
In base 12, what is -8652783 + -28?
-86527ab
In base 8, what is 2303232635 - 2?
2303232633
In base 6, what is 422 + 5153003?
5153425
In base 14, what is 324b65a5 + -5?
324b65a0
In base 14, what is 3 + -71587?
-71584
In base 13, what is -cc879 + 17?
-cc862
In base 16, what is -58e + 13acd?
1353f
In base 8, what is -123 + 555144?
555021
In base 6, what is 35102104233 - -4?
35102104241
In base 5, what is -130401331224 + 10?
-130401331214
In base 15, what is -67b4 - 67?
-682b
In base 10, what is 43440 - -133?
43573
In base 12, what is 61a613 + 52?
61a665
In base 13, what is -18831b + 9?
-188312
In base 6, what is -342214455 - 20?
-342214515
In base 5, what is 124110442 + -134?
124110303
In base 16, what is 74d679 - 1?
74d678
In base 4, what is 320123223 + -121310?
320001313
In base 8, what is 7404 + -21052?
-11446
In base 15, what is -1d7e5e - -4d?
-1d7e11
In base 6, what is -15342 + -13401?
-33143
In base 10, what is -10 + 617538?
617528
In base 14, what is -5 + 41c63b3?
41c63ac
In base 10, what is -7 - 753165?
-753172
In base 5, what is -301 - 201223431?
-201224232
In base 5, what is -1321 + 4323232?
4321411
In base 14, what is 56b + 370?
8db
In base 5, what is 114011022 - -12?
114011034
In base 10, what is -2232 - -3508?
1276
In base 10, what is 5 + -5598163?
-5598158
In base 2, what is -100 + -100100101111111000101010?
-100100101111111000101110
In base 5, what is 11204443201331 - 0?
11204443201331
In base 15, what is 3d8a047 + 0?
3d8a047
In base 15, what is -1b5493b3 - -3?
-1b5493b0
In base 8, what is -30 + 73346570?
73346540
In base 6, what is -50133 - 1301251?
-1351424
In base 4, what is 12220 - -31032231?
31111111
In base 7, what is -110316 + 24?
-110262
In base 13, what is -3 + b4473a?
b44737
In base 16, what is -4 - 1944f0a?
-1944f0e
In base 8, what is 1 - -2024725753?
2024725754
In base 2, what is -1000110 + 11101100001111001011011?
11101100001111000010101
In base 2, what is 1000011 - -10100100100111100011110?
10100100100111101100001
In base 7, what is -1515403113 + 5?
-1515403105
In base 4, what is 3023 + 20111200?
20120223
In base 8, what is 1 - 7367436?
-7367435
In base 2, what is -10001 - -1000100010101111100111?
1000100010101111010110
In base 11, what is 8599832 - -5?
8599837
In base 5, what is -20142 - -31033300?
31013103
In base 13, what is -c98 + 23207?
2223c
In base 15, what is -ee2 - -15b?
-d86
In base 8, what is -1636773 - -44?
-1636727
In base 10, what is 2712 + 8987?
11699
In base 2, what is 100001001000111110 + -110001100?
100001000010110010
In base 6, what is 55533504 - 202?
55533302
In base 14, what is -944 + 6a1?
-283
In base 13, what is 13ab2228 - -5?
13ab2230
In base 6, what is -502132130 - 25?
-502132155
In base 15, what is -4 + -e7c99?
-e7c9d
In base 10, what is 11130 + 72440?
83570
In base 6, what is 413504 - 15351?
354113
In base 14, what is 0 - 27ac5b?
-27ac5b
In base 5, what is 100143430334 - -1?
100143430340
In base 7, what is 2100 - -562566?
564666
In base 9, what is 176 - -21577?
21764
In base 11, what is -5 - 182a2a3?
-182a2a8
In base 16, what is 1a + -46cac?
-46c92
In base 4, what is -301211132213100 + 1?
-301211132213033
In base 14, what is d85113 + 5?
d85118
In base 4, what is -201131103323 - -10?
-201131103313
In base 11, what is 9 - 326206?
-3261a8
In base 7, what is 55032 - 1312?
53420
In base 16, what is -2c182 - 34?
-2c1b6
In base 10, what is 1 + 57966052?
57966053
In base 9, what is 1573842043 - 5?
1573842037
In base 7, what is -